{"id":8,"date":"2015-03-06T01:45:54","date_gmt":"2015-03-06T01:45:54","guid":{"rendered":"http:\/\/redesow.faccat.br\/wordpress\/ceataquara\/home\/"},"modified":"2020-07-21T02:24:57","modified_gmt":"2020-07-20T23:24:57","slug":"home","status":"publish","type":"page","link":"https:\/\/redesow.faccat.br\/wordpress\/ceataquara\/home","title":{"rendered":"Coletivo Educador Ambiental de Taquara &#8211; CEATAQUARA"},"content":{"rendered":"\n<div class=\"wp-block-group\"><div class=\"wp-block-group__inner-container is-layout-flow wp-block-group-is-layout-flow\">\n<div class=\"wp-block-group is-layout-flow wp-block-group-is-layout-flow\"><div class=\"wp-block-group__inner-container\"><\/div><\/div>\n\n\n\n<p class=\"has-medium-font-size\"><strong><a href=\"http:\/\/redesow.faccat.br\/wordpress\/ceataquara\/?page_id=14798\">Coletivo Educador \u00e9<\/a><\/strong> <\/p>\n\n\n\n<p class=\"has-medium-font-size\"><strong><a href=\"http:\/\/redesow.faccat.br\/wordpress\/ceataquara\/nos-queremos\">N\u00f3s Queremos<\/a><\/strong> <\/p>\n\n\n\n<p class=\"has-medium-font-size\"><a href=\"https:\/\/redesow.faccat.br\/wordpress\/ceataquara\/nos-somos\"><strong>N\u00f3s Somos<\/strong> <\/a><\/p>\n\n\n\n<p class=\"has-medium-font-size\"><strong><a href=\"http:\/\/redesow.faccat.br\/wordpress\/ceataquara\/pagina-exemplo\">Agenda de 2020<\/a><\/strong><\/p>\n<\/div><\/div>\n\n\n\n<div class=\"wp-block-image\"><figure class=\"aligncenter\"><img loading=\"lazy\" decoding=\"async\" width=\"600\" height=\"338\" src=\"https:\/\/redesow.faccat.br\/wordpress\/ceataquara\/wp-content\/uploads\/sites\/15\/WhatsApp-Image-2019-06-14-at-16.51.54-600x338.jpeg\" alt=\"\" class=\"wp-image-11922\" srcset=\"https:\/\/redesow.faccat.br\/wordpress\/ceataquara\/wp-content\/uploads\/sites\/15\/WhatsApp-Image-2019-06-14-at-16.51.54-600x338.jpeg 600w, https:\/\/redesow.faccat.br\/wordpress\/ceataquara\/wp-content\/uploads\/sites\/15\/WhatsApp-Image-2019-06-14-at-16.51.54-150x84.jpeg 150w, https:\/\/redesow.faccat.br\/wordpress\/ceataquara\/wp-content\/uploads\/sites\/15\/WhatsApp-Image-2019-06-14-at-16.51.54-300x169.jpeg 300w, https:\/\/redesow.faccat.br\/wordpress\/ceataquara\/wp-content\/uploads\/sites\/15\/WhatsApp-Image-2019-06-14-at-16.51.54-768x432.jpeg 768w, https:\/\/redesow.faccat.br\/wordpress\/ceataquara\/wp-content\/uploads\/sites\/15\/WhatsApp-Image-2019-06-14-at-16.51.54.jpeg 1280w\" sizes=\"auto, (max-width: 600px) 100vw, 600px\" \/><figcaption>Grupo da primeira reuni\u00e3o do Coletivo Educador Ambiental de Taquara em mar\u00e7o de 2019<\/figcaption><\/figure><\/div>\n\n\n\n<div class=\"page-header\">\n<h3>Quem somos<\/h3>\n<\/div>\n\n\n\n<p class=\"has-large-font-size\"><strong>N\u00f3s Somos<\/strong><\/p>\n\n\n\n<figure class=\"wp-block-table\"><table><tbody><tr><td><strong>ENTIDADES<\/strong><\/td><td><strong>REPRESENTANTES<\/strong><\/td><\/tr><tr><td>Col\u00e9gio Municipal The\u00f3philo Sauer<\/td><td>Luciana Cabral<\/td><\/tr><tr><td>EMEF. Calisto Eol\u00e1lio Letti<\/td><td>Andreza Schmitt<\/td><\/tr><tr><td>EMEF. 17 de Abril<\/td><td>Silvia Marin<\/td><\/tr><tr><td>EMEF. Dr. Al\u00edpio Alfredo Sperb<\/td><td>Bruno Dacol<\/td><\/tr><tr><td>EMEF. Dr. Lauro Hampe M\u00fcller<\/td><td>Fabiano Costa de Oliveira<\/td><\/tr><tr><td>EMEF. Get\u00falio Vargas \u2013<\/td><td>Debora Cristina dos Santos<\/td><\/tr><tr><td>EMEF. Jo\u00e3o Martins Nunes<\/td><td>Nath\u00e1lia<\/td><\/tr><tr><td>EMEF. Nereu Wilhelms<\/td><td>Eliz\u00e2ngela Z. Lauck<\/td><\/tr><tr><td>EMEF. Rosa Elsa Mertins<\/td><td>Andressa Hoff<\/td><\/tr><tr><td>EMEF. Ant\u00f4nio Martins Rangel<\/td><td>Daniela S. Peixoto Zucatti<\/td><\/tr><tr><td>EMEF. Arlindo Martini<\/td><td>Silv\u00e2nia<\/td><\/tr><tr><td>EMEF. Dona Leopoldina<\/td><td>Anelise Moura<\/td><\/tr><tr><td>EMEF. Em\u00edlio Leichtveis<\/td><td>Maria da Gra\u00e7a Chiavaro<\/td><\/tr><tr><td>EMEF. J\u00falio Maurer<\/td><td>Melisa Vilches<\/td><\/tr><tr><td>EMEF. Luis B\u00f6es<\/td><td>Patricia Muller<\/td><\/tr><tr><td>EMEF. Rudi Lindenmeyer<\/td><td>Joice Frutuoso da Costa<\/td><\/tr><tr><td>EMEF. 25 de Julho<\/td><td>Magali Betina Bayer<\/td><\/tr><tr><td>EMEF. Zeferino Vicente Neves Filho<\/td><td>Antonio<\/td><\/tr><tr><td>EMEI. Dom\u00eanica Marcicano Gonzaga<\/td><td>Raquel Silveira de Melo e Luciana de Oliveira Corr\u00eaa<\/td><\/tr><tr><td>EMEI. Harda Liana M\u00fcller<\/td><td>Michele Regina da Silva<\/td><\/tr><tr><td>EMEI. Leonel de Moura Brizola<\/td><td>Tha\u00eds Oliveira Vieira<\/td><\/tr><tr><td>EMEI. S\u00e3o Jo\u00e3o Batista<\/td><td>Bruna Let\u00edcia Descovi<\/td><\/tr><tr><td>EMEI. Tia Bete<\/td><td>Kelin de Azevedo Ribeiro Martins<\/td><\/tr><tr><td>EMEI. Vov\u00f3 Mathilde<\/td><td>N\u00e1dia B. M. dos Santos<\/td><\/tr><tr><td>Esc. Taq. de Jovens e Adultos- Estaja<\/td><td>Sabrina D. S. do Amaral<\/td><\/tr><tr><td>Rotary Club<\/td><td>Nara Matos<\/td><\/tr><tr><td>COORELI<\/td><td>Alexandre Candido<\/td><\/tr><tr><td><strong>Convidadas<\/strong><\/td><td>&nbsp;<\/td><\/tr><tr><td>EMEF. Caramuru<\/td><td>&nbsp;<\/td><\/tr><tr><td>EMEF. A\u00e7oita Cavalo<\/td><td>&nbsp;<\/td><\/tr><tr><td>EMEF. Dionysio Pires de Mello<\/td><td>&nbsp;<\/td><\/tr><tr><td>EMEF. Menino Jesus<\/td><td>&nbsp;<\/td><\/tr><tr><td>EMEF. Pinto Bandeira<\/td><td>&nbsp;<\/td><\/tr><tr><td>EMEF. Prof\u00aa Ot\u00edlia Mamitt<\/td><td>&nbsp;<\/td><\/tr><tr><td>EMEF. Salsano da Cunha<\/td><td>&nbsp;<\/td><\/tr><tr><td>EMEF. Tom\u00e9 de Souza<\/td><td>&nbsp;<\/td><\/tr><tr><td>EMEI.Alice Maciel<\/td><td>&nbsp;<\/td><\/tr><tr><td>EMEI. Henrique Fetter<\/td><td>&nbsp;<\/td><\/tr><tr><td>EMEI. Prof\u00aa vera Marks Iribarry<\/td><td>&nbsp;<\/td><\/tr><tr><td>EMEI. Vov\u00f3 Arlete<\/td><td>&nbsp;<\/td><\/tr><tr><td>EMEI. Vov\u00f3 Mina<\/td><td>&nbsp;<\/td><\/tr><tr><td>EMEI Tia Paty<\/td><td>&nbsp;<\/td><\/tr><\/tbody><\/table><\/figure>\n\n\n\n<h4 class=\"wp-block-heading\">Sob a coordena\u00e7\u00e3o dos professores Sabrina do Amaral (SMECE) e&nbsp;<a href=\"https:\/\/www.facebook.com\/liceo?ref=tn_tnmn\" target=\"_blank\" rel=\"noopener noreferrer\">Liceo Piovesan<\/a>&nbsp;(Faccat)<\/h4>\n","protected":false},"excerpt":{"rendered":"<p>Coletivo Educador \u00e9 N\u00f3s Queremos N\u00f3s Somos Agenda de 2020 Quem somos N\u00f3s Somos ENTIDADES REPRESENTANTES Col\u00e9gio Municipal The\u00f3philo Sauer Luciana Cabral EMEF. Calisto Eol\u00e1lio Letti Andreza Schmitt EMEF. 17 de Abril Silvia Marin EMEF. Dr. Al\u00edpio Alfredo Sperb Bruno Dacol EMEF. Dr. Lauro Hampe M\u00fcller Fabiano Costa de Oliveira EMEF. Get\u00falio Vargas \u2013 Debora Cristina dos Santos EMEF. Jo\u00e3o Martins Nunes Nath\u00e1lia EMEF. Nereu Wilhelms Eliz\u00e2ngela Z. Lauck EMEF. Rosa Elsa Mertins Andressa Hoff EMEF. Ant\u00f4nio Martins Rangel Daniela S. Peixoto Zucatti EMEF. Arlindo Martini Silv\u00e2nia EMEF. Dona Leopoldina Anelise Moura EMEF. Em\u00edlio Leichtveis Maria da Gra\u00e7a Chiavaro EMEF. J\u00falio Maurer Melisa Vilches EMEF. Luis B\u00f6es Patricia Muller EMEF. Rudi Lindenmeyer Joice Frutuoso da Costa EMEF. 25 de Julho Magali Betina Bayer EMEF. Zeferino Vicente Neves Filho Antonio EMEI. Dom\u00eanica Marcicano Gonzaga Raquel Silveira de Melo e Luciana de &hellip; <a href=\"https:\/\/redesow.faccat.br\/wordpress\/ceataquara\/home\">Continua<\/a><\/p>\n","protected":false},"author":142,"featured_media":0,"parent":0,"menu_order":-1,"comment_status":"open","ping_status":"open","template":"","meta":{"footnotes":""},"class_list":["post-8","page","type-page","status-publish","hentry"],"_links":{"self":[{"href":"https:\/\/redesow.faccat.br\/wordpress\/ceataquara\/wp-json\/wp\/v2\/pages\/8","targetHints":{"allow":["GET"]}}],"collection":[{"href":"https:\/\/redesow.faccat.br\/wordpress\/ceataquara\/wp-json\/wp\/v2\/pages"}],"about":[{"href":"https:\/\/redesow.faccat.br\/wordpress\/ceataquara\/wp-json\/wp\/v2\/types\/page"}],"author":[{"embeddable":true,"href":"https:\/\/redesow.faccat.br\/wordpress\/ceataquara\/wp-json\/wp\/v2\/users\/142"}],"replies":[{"embeddable":true,"href":"https:\/\/redesow.faccat.br\/wordpress\/ceataquara\/wp-json\/wp\/v2\/comments?post=8"}],"version-history":[{"count":16,"href":"https:\/\/redesow.faccat.br\/wordpress\/ceataquara\/wp-json\/wp\/v2\/pages\/8\/revisions"}],"predecessor-version":[{"id":14810,"href":"https:\/\/redesow.faccat.br\/wordpress\/ceataquara\/wp-json\/wp\/v2\/pages\/8\/revisions\/14810"}],"wp:attachment":[{"href":"https:\/\/redesow.faccat.br\/wordpress\/ceataquara\/wp-json\/wp\/v2\/media?parent=8"}],"curies":[{"name":"wp","href":"https:\/\/api.w.org\/{rel}","templated":true}]}}