{"id":22,"date":"2013-08-21T13:56:04","date_gmt":"2013-08-21T16:56:04","guid":{"rendered":"https:\/\/redesow.faccat.br\/wordpress\/home\/"},"modified":"2016-05-17T18:21:47","modified_gmt":"2016-05-17T21:21:47","slug":"home","status":"publish","type":"page","link":"https:\/\/redesow.faccat.br\/wordpress\/","title":{"rendered":"Home"},"content":{"rendered":"<h1>Projeto de gest\u00e3o de conhecimento para escolas<\/h1>\n<p>O objetivo do Projeto Rede SOW \u00e9 desenvolver uma plataforma para gest\u00e3o do conhecimento que permita a socializa\u00e7\u00e3o de experi\u00eancias obtidas por alunos e professores nas suas escolas, al\u00e9m se ser um facilitador na inclus\u00e3o digital atrav\u00e9s da acessibilidade e mobilidade por meio de redes wireless.<\/p>\n","protected":false},"excerpt":{"rendered":"<p>Projeto de gest\u00e3o de conhecimento para escolas O objetivo do Projeto Rede SOW \u00e9 desenvolver uma plataforma para gest\u00e3o do conhecimento que permita a socializa\u00e7\u00e3o de experi\u00eancias obtidas por alunos &#8230;<\/p>\n","protected":false},"author":64,"featured_media":0,"parent":0,"menu_order":-1,"comment_status":"open","ping_status":"open","template":"template-frontpage.php","meta":{"footnotes":""},"class_list":["post-22","page","type-page","status-publish","hentry"],"_links":{"self":[{"href":"https:\/\/redesow.faccat.br\/wordpress\/wp-json\/wp\/v2\/pages\/22","targetHints":{"allow":["GET"]}}],"collection":[{"href":"https:\/\/redesow.faccat.br\/wordpress\/wp-json\/wp\/v2\/pages"}],"about":[{"href":"https:\/\/redesow.faccat.br\/wordpress\/wp-json\/wp\/v2\/types\/page"}],"author":[{"embeddable":true,"href":"https:\/\/redesow.faccat.br\/wordpress\/wp-json\/wp\/v2\/users\/64"}],"replies":[{"embeddable":true,"href":"https:\/\/redesow.faccat.br\/wordpress\/wp-json\/wp\/v2\/comments?post=22"}],"version-history":[{"count":12,"href":"https:\/\/redesow.faccat.br\/wordpress\/wp-json\/wp\/v2\/pages\/22\/revisions"}],"predecessor-version":[{"id":129,"href":"https:\/\/redesow.faccat.br\/wordpress\/wp-json\/wp\/v2\/pages\/22\/revisions\/129"}],"wp:attachment":[{"href":"https:\/\/redesow.faccat.br\/wordpress\/wp-json\/wp\/v2\/media?parent=22"}],"curies":[{"name":"wp","href":"https:\/\/api.w.org\/{rel}","templated":true}]}}